e q(6).
-22
Let c(h) = 7*h + 1. Determine c(-1).
-6
Let a(h) = -28*h - 176. What is a(-6)?
-8
Let c(u) = -11*u - 128. What is c(-12)?
4
Let q(d) = d**2 - 4*d + 4. Calculate q(3).
1
Let b(d) = -d**2 - 7*d - 8. What is b(-5)?
2
Let u(a) = -18*a - 127. Determine u(-7).
-1
Let p(w) = 2*w**3 - 35*w**2 - 57*w. Determine p(19).
0
Let k(f) = -f**3 + 2*f**2 + 8*f + 5. What is k(4)?
5
Let j(s) = 8*s + 2. Give j(3).
26
Let b(t) = -3*t**2 + 60*t. Determine b(20).
0
Let n(h) = -h**2 + 9*h + 18. What is n(8)?
26
Let w(q) = 6*q - 51. Give w(12).
21
Let l(s) = s**2 + 5*s - 16. What is l(-8)?
8
Let p(m) = -155*m - 311. Calculate p(-2).
-1
Let x(j) = -j**3 + j**2 + 4*j + 1. Determine x(3).
-5
Let j(f) = -51*f**3 + f. Determine j(1).
-50
Let c(r) = 9*r**2 - 1. Give c(-1).
8
Let m(g) = -9*g - 1. What is m(-1)?
8
Let s(p) = -p + 5. What is s(7)?
-2
Let v(d) = 2*d - 32. Determine v(11).
-10
Let w(j) = -4*j**2 - 27*j + 7. Calculate w(-7).
0
Let y(c) = 2*c**3 + c**2 - 1. What is y(-2)?
-13
Let m(j) = 5*j**3 - 3*j**2 + 3. Give m(-1).
-5
Let v(h) = -2*h**2 + 24*h + 61. Give v(14).
5
Let s(n) = n**3 - 12*n**2 + 29*n - 31. Calculate s(9).
-13
Let b(c) = 41*c - 532. Calculate b(13).
1
Let j(l) = l**2 + 7*l - 36. Give j(-11).
8
Let f(x) = -36*x**3 + x**2 + x - 2. What is f(1)?
-36
Let d(q) = -24*q - 1733. Calculate d(-72).
-5
Let d(i) = i**2 + 12*i + 15. Determine d(-6).
-21
Let n(s) = s**3 + 7*s**2 + 4*s - 5. Calculate n(-6).
7
Let o(t) = -9*t + 10. Determine o(-5).
55
Let d(b) = -b**3 - 32*b**2 - 26*b + 154. What is d(-31)?
-1
Let j(s) = s**2 + 13*s + 3. What is j(-4)?
-33
Let g(u) = 5*u - 38. What is g(13)?
27
Let x(s) = 3*s - 43. Calculate x(11).
-10
Let t(d) = d**3 + 2*d**2 - 3. What is t(-2)?
-3
Let a(g) = 8*g**3 - 2*g**2 + 2*g + 6. What is a(2)?
66
Let n(g) = -3*g + 7. Give n(9).
-20
Let s(l) = 2*l**2 - 15*l + 33. What is s(6)?
15
Let r(q) = q**3 + 4*q**2 - 6*q - 6. What is r(-6)?
-42
Let m(j) = -27*j + 67. What is m(2)?
13
Let w(v) = v + 25. Give w(0).
25
Let i(p) = -2*p**2 - 10*p - 2. Calculate i(-5).
-2
Let n(v) = v**2 - 24*v + 46. Give n(23).
23
Let q(v) = 10*v + 2. Calculate q(-1).
-8
Let m(d) = -15*d - 1. Determine m(0).
-1
Let p(h) = -4*h + 47. Give p(10).
7
Let g(z) = 10*z - 8. What is g(2)?
12
Let z(i) = -i**3 - 7*i**2 + 8*i + 5. What is z(-8)?
5
Let p(m) = 9*m + 6. Calculate p(-2).
-12
Let j(a) = a**3 - 3*a**2 - 12*a + 36. Give j(3).
0
Let d(b) = b**2 - 71. Give d(8).
-7
Let k(w) = -99*w + 687. What is k(7)?
-6
Let u(q) = -q**3 + 8*q**2 - 8*q + 10. Determine u(8).
-54
Let g(r) = -r**2 - 2*r + 1. What is g(2)?
-7
Let p(l) = l - 12. Give p(0).
-12
Let h(g) = 2*g - 26. Calculate h(13).
0
Let n(u) = -u**3 + 3*u**2 + 3*u + 4. Determine n(5).
-31
Let r(x) = -2*x**3 - 13*x**2 - 4*x - 1. Calculate r(-6).
-13
Let o(n) = 2*n**3 + 74*n**2 + 2*n + 79. Determine o(-37).
5
Let j(m) = m**3 + 5*m**2 - m + 6. Calculate j(-6).
-24
Let j(w) = 131*w**2 - w + 1. What is j(1)?
131
Let u(t) = -t**3 - 7*t**2 - 3*t - 14. Give u(-7).
7
Let f(k) = -k - 13. What is f(-12)?
-1
Let q(n) = n**3 + 8*n**2 + 11*n - 2. Give q(-4).
18
Let c(m) = m**3 + 5*m**2 - 8*m - 1. What is c(-6)?
11
Let d(m) = -18*m + 95. Give d(5).
5
Let f(n) = 9*n + 28. Determine f(5).
73
Let y(p) = p**3 - 2*p**2 - 4*p + 3. Give y(4).
19
Let q(x) = -27*x - 116. Determine q(-4).
-8
Let c(i) = i**2 + 19*i + 29. What is c(-17)?
-5
Let n(w) = -w + 12. Give n(-8).
20
Let h(c) = 4*c + 1. Give h(5).
21
Let t(m) = 17*m**3 + m**2. Determine t(-1).
-16
Let r(s) = -2*s**2 + 5*s + 14. Determine r(-3).
-19
Let v(o) = -4*o + 1. Determine v(0).
1
Let y(f) = -f**2 + 22*f - 17. Calculate y(15).
88
Let u(q) = -q**3 - 6*q**2 + 10*q + 6. Give u(-4).
-66
Let a(u) = -4*u - 12. What is a(-5)?
8
Let z(y) = y**2 - 14*y - 55. Calculate z(17).
-4
Let c(o) = o**2 - o - 48. Determine c(7).
-6
Let s(v) = -v**2 - 50*v - 144. What is s(-47)?
-3
Let z(y) = -2*y + 4. Give z(15).
-26
Let a(p) = p**3 - 6*p**2 + p - 12. Determine a(6).
-6
Let c(q) = -q**2 - q. Determine c(-5).
-20
Let s(v) = -v**3 + 10*v**2 - 21*v + 26. What is s(8)?
-14
Let m(j) = -j**3 - 9*j**2 - 7*j - 5. Calculate m(-8).
-13
Let d(q) = -34*q**2 + 3*q + 3. Give d(-1).
-34
Let o(a) = a**3 + 6*a**2 + 7*a + 9. Give o(-5).
-1
Let d(y) = -y**3 + 5*y**2 + 7*y + 4. Calculate d(6).
10
Let c(w) = -3*w - 19. What is c(-15)?
26
Let k(s) = 4*s - 92. Calculate k(25).
8
Let u(c) = 8*c**2 - 3*c - 4. Determine u(-1).
7
Let s(u) = 7*u**2 + 51*u + 22. What is s(-7)?
8
Let z(i) = -7*i**3 + 4*i**2 + 10*i - 2. What is z(-2)?
50
Let j(n) = n**3 - 5*n**2 - 3*n - 11. Calculate j(5).
-26
Let y(o) = -o**2 - 25*o + 38. What is y(0)?
38
Let s(j) = -j**2 - 16*j - 68. Calculate s(-6).
-8
Let p(s) = s**3 + 7*s**2 + 9*s + 1. Determine p(-6).
-17
Let y(r) = r**3 + 8*r**2 + 9*r - 16. What is y(-7)?
-30
Let y(u) = -u**2 + 16*u - 19. Calculate y(16).
-19
Let y(s) = -s**2 + 7*s - 14. Give y(6).
-8
Let q(d) = -7*d + 2. What is q(-4)?
30
Let c(l) = -l**3 + 9*l**2 - 5*l + 2. Give c(8).
26
Let y(z) = 4*z + 25. Determine y(-10).
-15
Let q(w) = 5*w + 23. Determine q(-5).
-2
Let k(i) = 8*i**2 + 3*i - 4. Calculate k(-3).
59
Let k(y) = -y**3 + y + 28. Calculate k(0).
28
Let y(x) = -x**2 + 15*x + 8. What is y(13)?
34
Let d(q) = q**3 - q**2 + q + 5. Calculate d(0).
5
Let s(v) = v**2 - 32. Calculate s(6).
4
Let g(r) = r**3 - 9*r**2 - r + 17. What is g(9)?
8
Let j(w) = 22*w**3 + w**2 + w. Determine j(-1).
-22
Let w(z) = -z**2 - 7*z + 6. Calculate w(-8).
-2
Let z(p) = p**3 - 7*p**2 - 5*p - 23. Determine z(8).
1
Let k(y) = y**3 - 3*y**2 - 3*y + 1. Give k(2).
-9
Let z(t) = t**3 + 12*t**2 + 3*t - 15. Determine z(-12).
-51
Let n(m) = -m**2 - 18*m - 40. Calculate n(-15).
5
Let r(x) = -5*x**3 - 49*x**2 + 10*x - 2. Give r(-10).
-2
Let h(y) = -y**2 + 10*y - 7. Give h(3).
14
Let j(o) = 51*o - 259. What is j(5)?
-4
Let p(q) = -64*q - 342. Determine p(-5).
-22
Let t(v) = -v - 7. Give t(-10).
3
Let a(b) = -7*b - 10. Determine a(7).
-59
Let a(y) = -15*y**3 + 2*y**2 - y + 1. Determine a(1).
-13
Let c(t) = t**3 + 10*t**2 + 9*t - 9. Give c(-9).
-9
Let w(d) = d**3 - 13*d**2 - 2. Give w(13).
-2
Let z(h) = -h**3 - 25*h**2 + h + 29. Calculate z(-25).
4
Let n(p) = -4*p**3 - 12*p**2 - 9*p - 4. Determine n(-4).
96
Let q(y) = -y**3 - 4*y**2 - 14. Calculate q(-5).
11
Let a(m) = -24*m. Calculate a(1).
-24
Let d(g) = -3*g + 12. Determine d(-8).
36
Let v(c) = c**2 + 4*c + 2. Calculate v(-6).
14
Let a(r) = 5*r - 25. What is a(-3)?
-40
Let y(z) = z**2 + z + 8. Determine y(0).
8
Let l(m) = -m**2 + 20*m - 44. Give l(21).
-65
Let q(l) = -l**2 - 3*l + 4. Determine q(-7).
-24
Let i(m) = -m**3 - 9*m**2 - 10*m - 4. Give i(-8).
12
Let y(t) = t**3 - 6*t**2 + 3*t + 13. Determine y(5).
3
Let u(o) = o**2 - 6*o. Determine u(5).
-5
Let r(o) = 24*o - 45. Calculate r(3).
27
Let b(j) = j + 11. Give b(-9).
2
Let g(v) = 3*v + 23. What is g(-7)?
2
Let r(p) = -p**2 + 16*p - 16. Calculate r(11).
39
Let k(c) = -3*c - 7. Determine k(-3).
2
Let b(t) = -t**2 + 2*t - 1. Determine b(0).
-1
Let d(r) = -2*r**3 + 2*r**2 + 2*r - 2. Determine d(2).
-6
Let t(y) = 5*y**2 - 43*y - 3. Give t(9).
15
Let q(h) = -57*h - 111. Give q(-2).
3
Let f(z) = z**3 - 5*z**2 - 7*z + 5. Calculate f(6).
-1
Let l(x) = x**2 - 13*x + 3. Determine l(13).
3
Let k(a) = a**3 + 10*a**2 + 10. Give k(-10).
10
Let b(l) = l**3 - 6*l**2 + 7*l - 2. What is b(5)?
8
Let p(s) = 32*s - 8. Calculate p(-3).
-104
Let k(d) = d**3 - d**2 + d + 2. What is k(-1)?
-1
Let g(v) = -2*v**3 + 3*v**2 + 4*v. Give g(3).
-15
Let o(j) = -5*j**3 - j**2 + j + 2. What is o(-1)?
5
Let l(n) = -2*n**3 - 19*n**2 - 10*n - 13. Calculate l(-9).
-4
Let w(o) = 34*o + 179. Give w(-5).
9
Let h(n) = n - 5. Determine h(5).
0
Let j(t) = t**3 + 4*t**2 - 9*t - 10. Calculate j(-4).
26
Let z(w) = w**3 - 6*w**2 - 2. Calculate z(4).
-34
Let d(x) = 5*x**3 - 2*x**2 + 2*x - 1. What is d(1)?
4
Let s(o) = -o**2 - 2*o + 2. Determine s(1).
-1
Let s(y) = -y**2 + 10*y - 8. Give s(6).
16
Let t(o) = o**3 + 14*o**2 + 41*o - 21. Determine t(-10).
-31
Let u(m) = -139*m**3 + 3*m**2 + 3*m + 1. Give u(-1).
140
Let q(s) = -2*s - 7. Determine q(-4).
1
Let p(n) = n**3 + 9*n**2 + 17*n + 7. What is p(-7)?
-14
Let d(j) = -j**3 + 6*j**2 + 6*j - 8. Give d(5).
47
Let f(j) = -15*j**3 + j**2 - 2*j + 2. What is f(1)?
-14
Let y(h) = 3*h**2 + 20*h - 14. Give y(-6).
-26
Let k(z) = 5*z + 23. What is k(-